5, 601, 3449
What are the prime factors of 208707553?
71, 2939543
List the prime factors of 382025610.
2, 3, 5, 4244729
What are the prime factors of 646380?
2, 3, 5, 7, 19
What are the prime factors of 25204951?
313, 80527
What are the prime factors of 25372716?
2, 3, 2114393
What are the prime factors of 70584601?
19, 3714979
What are the prime factors of 750926202?
2, 3, 13, 9627259
What are the prime factors of 1010889716?
2, 59, 157, 27283
List the prime factors of 2020483857.
3, 7, 83, 1159199
List the prime factors of 528504494.
2, 7, 19, 283837
List the prime factors of 843405227.
7, 120486461
List the prime factors of 72722582.
2, 36361291
What are the prime factors of 43214092?
2, 10803523
What are the prime factors of 959758310?
2, 5, 7, 59, 281, 827
What are the prime factors of 59691478?
2, 7, 11, 167, 211
List the prime factors of 1878855644.
2, 47, 9993913
What are the prime factors of 4229484364?
2, 7, 151053013
What are the prime factors of 2506480?
2, 5, 17, 19, 97
What are the prime factors of 34284812?
2, 23, 372661
List the prime factors of 1856177225.
5, 7, 449, 23623
What are the prime factors of 24549659?
641, 38299
List the prime factors of 6573630418.
2, 43, 821, 93103
What are the prime factors of 51926966?
2, 7, 13, 40759
List the prime factors of 418455194.
2, 47, 593, 7507
What are the prime factors of 109983759?
3, 36661253
List the prime factors of 73999457.
7, 97, 15569
What are the prime factors of 516393122?
2, 7, 17, 151, 14369
What are the prime factors of 5753514?
2, 3, 13, 17, 4339
What are the prime factors of 9497148?
2, 3, 701, 1129
What are the prime factors of 62248783?
41, 1518263
What are the prime factors of 163856672?
2, 7, 731503
What are the prime factors of 61629501?
3, 20543167
What are the prime factors of 65063658?
2, 3, 11, 17, 103, 563
List the prime factors of 182275912.
2, 7, 13, 37, 67, 101
List the prime factors of 166594532.
2, 13, 3203741
List the prime factors of 149386783.
7, 13, 1641613
What are the prime factors of 2320545904?
2, 9649, 15031
List the prime factors of 272075135.
5, 2801, 19427
What are the prime factors of 3719158000?
2, 5, 17, 109387
List the prime factors of 845751484.
2, 19, 11128309
What are the prime factors of 1132691616?
2, 3, 7, 503, 1117
List the prime factors of 549105963.
3, 7, 127, 227, 907
List the prime factors of 55163516.
2, 13790879
What are the prime factors of 2537447384?
2, 373, 850351
List the prime factors of 201544850.
2, 5, 13, 149, 2081
List the prime factors of 2443053788.
2, 7, 127, 687023
What are the prime factors of 1302481420?
2, 5, 157, 414803
List the prime factors of 2176814831.
2176814831
What are the prime factors of 157620222?
2, 3, 37, 78889
List the prime factors of 149747020.
2, 5, 23, 325537
List the prime factors of 109054768.
2, 6815923
What are the prime factors of 557191147?
557191147
List the prime factors of 99110034.
2, 3, 17, 107, 1009
What are the prime factors of 2237699829?
3, 71, 353, 29761
List the prime factors of 18172158.
2, 3, 523, 5791
What are the prime factors of 47900152?
2, 17, 97, 3631
What are the prime factors of 2142860335?
5, 7, 11, 5565871
List the prime factors of 125750025.
3, 5, 197, 2837
What are the prime factors of 11662812?
2, 3, 7, 15427
List the prime factors of 4518621.
3, 53, 9473
List the prime factors of 54918203.
59, 930817
What are the prime factors of 207744?
2, 3, 541
What are the prime factors of 536061152?
2, 11, 113, 13477
What are the prime factors of 2845349238?
2, 3, 281, 1687633
List the prime factors of 464474016.
2, 3, 67, 24071
List the prime factors of 150074949.
3, 1949, 25667
What are the prime factors of 219534056?
2, 7, 17, 19, 53, 229
What are the prime factors of 38091637?
19, 105517
What are the prime factors of 2171638398?
2, 3, 361939733
What are the prime factors of 164724531?
3, 54908177
List the prime factors of 1584808526.
2, 7, 1531, 73939
List the prime factors of 4152268668.
2, 3, 151, 2291539
What are the prime factors of 13214620?
2, 5, 660731
What are the prime factors of 1173341615?
5, 17, 13804019
List the prime factors of 148704494.
2, 74352247
What are the prime factors of 264411812?
2, 7, 17, 555487
List the prime factors of 51457473.
3, 223, 25639
What are the prime factors of 147469508?
2, 179, 205963
List the prime factors of 236629637.
311, 641, 1187
List the prime factors of 105529005.
3, 5, 113, 20753
What are the prime factors of 1555375727?
367, 1039, 4079
List the prime factors of 5075957082.
2, 3, 7, 127, 951623
What are the prime factors of 497448104?
2, 62181013
List the prime factors of 184351900.
2, 5, 23, 80153
What are the prime factors of 310895013?
3, 11, 13, 59, 71, 173
What are the prime factors of 968507211?
3, 7, 2617, 17623
What are the prime factors of 12045698?
2, 7, 23, 37409
List the prime factors of 436320438.
2, 3, 127, 572599
List the prime factors of 260407246.
2, 11, 1076063
List the prime factors of 23736808.
2, 61, 127, 383
What are the prime factors of 110097347?
199, 553253
List the prime factors of 477829483.
477829483
List the prime factors of 110452130.
2, 5, 19, 59, 167
What are the prime factors of 180270185?
5, 4861, 7417
What are the prime factors of 1557231070?
2, 5, 19, 8195953
List the prime factors of 103768796.
2, 67, 387197
List the prime factors of 1970807888.
2, 7, 31, 587, 967
What are the prime factors of 132177195?
3, 5, 2937271
List the prime factors of 1188073805.
5, 5801, 40961
List the prime factors of 978050402.
2, 7, 69860743
List the prime factors of 114136458.
2, 3, 19, 1001197
What are the prime factors of 3014073307?
7, 430581901
List the prime factors of 10536860.
2, 5, 29, 37, 491
List the prime factors of 511013537.
383, 1334239
What are the prime factors of 1976788455?
3, 5, 37, 701, 5081
List the prime factors of 2738428912.
2, 907, 188701
What are the prime factors of 91245011?
11, 13, 19, 43, 71
What are the prime factors of 2175411228?
2, 3, 1033, 175493
List the prime factors of 200770531.
13, 1543, 10009
List the prime factors of 565062396.
2, 3, 47088533
List the prime factors of 159285890.
2, 5, 463, 34403
List the prime factors of 2278944287.
41, 97, 573031
List the prime factors of 275098793.
275098793
List the prime factors of 26301187.
11, 19, 61, 2063
List the prime factors of 650482150.
2, 5, 401, 32443
List the prime factors of 49909217.
49909217
What are the prime factors of 124281859?
13, 257, 37199
List the prime factors of 555491841.
3, 37, 67, 113, 661
What are the prime factors of 38153564?
2, 9538391
List the prime factors of 251865882.
2, 3, 37, 3407
What are the prime factors of 362274757?
13, 29, 960941
List the prime factors of 160876952.
2, 19, 59, 17939
List the prime factors of 863804169.
3, 23, 463663
List the prime factors of 966161310.
2, 3, 5, 41, 61, 79, 163
What are the prime factors of 106865616?
2, 3, 11, 13, 15569
What are the prime factors of 125049755?
5, 113, 221327
What are the prime factors of 2587746068?
2, 646936517
List the prime factors of 8832361880.
2, 5, 220809047
What are the prime factors of 78045235?
5, 29, 631, 853
What are the prime factors of 122736754?
2, 7, 8766911
List the prime factors of 91242154.
2, 797, 57241
What are the prime factors of 148209118?
2, 74104559
What are the prime factors of 125733470?
2, 5, 41, 449, 683
List the prime factors of 19062552.
2, 3, 227, 3499
List the prime factors of 7782736717.
7, 53, 733, 28619
What are the prime factors of 96953726?
2, 673, 72031
What are the prime factors of 687392360?
2, 5, 17184809
What are the prime factors of 238747025?
5, 11, 868171
List the prime factors of 80331860.
2, 5, 7, 149, 3851
What are the prime factors of 128422934?
2, 61, 139, 7573
List the prime factors of 450752431.
31, 461, 31541
What are the prime factors of 557655649?
557655649
What are the prime factors of 45611337?
3, 227, 66977
List the prime factors of 13870706.
2, 6935353
What are the prime factors of 19129787?
19129787
What are the prime factors of 526934955?
3, 5, 35128997
What are the prime factors of 68763812?
2, 13, 19, 79, 881
List the prime factors of 1514465328.
2, 3, 31551361
What are the prime factors of 4447377856?
2, 43, 229, 7057
What are the prime factors of 5625192373?
